 is 28 (base 12) in base 2?
100000
Convert -36 (base 7) to base 12.
-23
What is -20 (base 5) in base 13?
-a
-121 (base 4) to base 7
-34
Convert -2 (base 13) to base 5.
-2
Convert 30 (base 4) to base 3.
110
What is -1 (base 7) in base 15?
-1
-103 (base 6) to base 13
-30
Convert -25 (base 7) to base 12.
-17
22 (base 3) to base 12
8
Convert 0 (base 9) to base 6.
0
2a (base 13) to base 5
121
Convert -102 (base 3) to base 9.
-12
90 (base 11) to base 2
1100011
What is 12 (base 16) in base 3?
200
-30 (base 15) to base 11
-41
-71 (base 9) to base 16
-40
What is 3 (base 16) in base 8?
3
What is 53 (base 6) in base 13?
27
Convert -c (base 14) to base 4.
-30
Convert -3 (base 10) to base 9.
-3
12 (base 4) to base 7
6
What is -2 (base 3) in base 16?
-2
52 (base 7) to base 6
101
-52 (base 11) to base 15
-3c
Convert 23 (base 13) to base 10.
29
Convert 1 (base 10) to base 15.
1
Convert -150 (base 13) to base 12.
-176
-334 (base 7) to base 8
-254
What is 6 (base 7) in base 13?
6
What is -2 (base 13) in base 14?
-2
Convert 12 (base 5) to base 14.
7
-5 (base 7) to base 3
-12
Convert 6 (base 16) to base 7.
6
-6 (base 7) to base 11
-6
-3 (base 10) to base 15
-3
Convert 0 (base 15) to base 10.
0
3 (base 13) to base 10
3
-1 (base 3) to base 12
-1
Convert -1120 (base 5) to base 12.
-114
Convert 3 (base 7) to base 8.
3
What is -20 (base 12) in base 10?
-24
Convert 2 (base 16) to base 3.
2
-9 (base 14) to base 9
-10
What is 24 (base 7) in base 4?
102
Convert -9 (base 15) to base 5.
-14
What is -23 (base 5) in base 9?
-14
Convert -2 (base 13) to base 9.
-2
Convert -35 (base 6) to base 2.
-10111
Convert -120 (base 7) to base 15.
-43
0 (base 7) to base 16
0
-12 (base 16) to base 8
-22
Convert 404 (base 7) to base 15.
d5
Convert 1c (base 13) to base 10.
25
What is 2 (base 15) in base 3?
2
Convert -43 (base 9) to base 16.
-27
1e (base 16) to base 5
110
1230 (base 6) to base 8
462
What is -15b (base 13) in base 4?
-3311
Convert -101011 (base 2) to base 7.
-61
What is 28 (base 9) in base 6?
42
Convert 2 (base 14) to base 4.
2
What is 211 (base 4) in base 14?
29
-12 (base 4) to base 6
-10
Convert 66 (base 9) to base 5.
220
1 (base 12) to base 3
1
-3a (base 14) to base 7
-103
1 (base 10) to base 15
1
20 (base 14) to base 8
34
Convert 79 (base 12) to base 13.
72
What is -17 (base 10) in base 9?
-18
Convert 2 (base 11) to base 8.
2
0 (base 9) to base 16
0
What is -54 (base 16) in base 9?
-103
Convert 83 (base 11) to base 2.
1011011
What is -25 (base 7) in base 11?
-18
7 (base 15) to base 4
13
Convert -9 (base 16) to base 2.
-1001
1a (base 13) to base 9
25
-24 (base 5) to base 11
-13
What is 44 (base 5) in base 13?
1b
1 (base 7) to base 5
1
-10 (base 6) to base 2
-110
What is -5 (base 13) in base 6?
-5
Convert 110111 (base 2) to base 8.
67
What is 1100101 (base 2) in base 13?
7a
-101 (base 2) to base 5
-10
7 (base 10) to base 2
111
Convert -10 (base 10) to base 5.
-20
-5 (base 12) to base 10
-5
-3 (base 9) to base 16
-3
What is 75 (base 14) in base 10?
103
-182 (base 11) to base 15
-e1
What is 1a1 (base 12) in base 3?
100211
Convert -110 (base 5) to base 7.
-42
2 (base 14) to base 9
2
0 (base 3) to base 11
0
What is -6 (base 16) in base 4?
-12
What is 27 (base 13) in base 6?
53
21 (base 7) to base 2
1111
What is -10020 (base 3) in base 4?
-1113
1001101 (base 2) to base 7
140
Convert -13 (base 4) to base 8.
-7
What is b (base 15) in base 9?
12
What is 0 (base 10) in base 11?
0
What is 67 (base 15) in base 12?
81
What is 320 (base 5) in base 3?
10011
1c (base 13) to base 7
34
Convert -2 (base 5) to base 6.
-2
Convert 6 (base 11) to base 14.
6
What is -3e (base 16) in base 5?
-222
4 (base 16) to base 12
4
What is -5 (base 14) in base 16?
-5
30 (base 11) to base 16
21
What is -3 (base 15) in base 11?
-3
What is 2 (base 5) in base 6?
2
What is -16c (base 13) in base 4?
-10003
What is -2 (base 15) in base 5?
-2
What is -6 (base 10) in base 5?
-11
What is 1100 (base 3) in base 9?
40
Convert 101 (base 2) to base 5.
10
What is 26 (base 16) in base 11?
35
Convert 11201 (base 3) to base 13.
9a
What is -101 (base 3) in base 13?
-a
What is 17 (base 9) in base 2?
10000
3 (base 11) to base 16
3
What is -12 (base 3) in base 13?
-5
What is 223 (base 5) in base 10?
63
1100001 (base 2) to base 13
76
What is 2 (base 8) in base 13?
2
What is -38 (base 9) in base 16?
-23
5 (base 15) to base 7
5
What is 2 (base 10) in base 7?
2
5 (base 15) to base 13
5
What is 10 (base 2) in base 10?
2
What is 0 (base 10) in base 4?
0
What is -243 (base 11) in base 8?
-441
Convert -1b (base 13) to base 9.
-26
Convert -7 (base 8) to base 13.
-7
151 (base 9) to base 4
1333
-4 (base 16) to base 3
-11
What is 3 (base 10) in base 15?
3
Convert 0 (base 8) to base 13.
0
What is 11010 (base 3) in base 2?
1101111
What is -41 (base 8) in base 13?
-27
-2202 (base 3) to base 9
-82
What is 1133 (base 4) in base 10?
95
Convert 10001 (base 2) to base 8.
21
What is 0 (base 12) in base 16?
0
What is -2 (base 15) in base 5?
-2
Convert -2 (base 9) to base 8.
-2
0 (base 3) to base 9
0
-1011011 (base 2) to base 10
-91
Convert 4 (base 14) to base 9.
4
Convert -10 (base 9) to base 15.
-9
Convert -a (base 15) to base 11.
-a
Convert 1 (base 16) to base 5.
1
38 (base 11) to base 16
29
What is -68 (base 13) in base 2?
-1010110
-11110 (base 2) to base 4
-132
What is 6 (base 9) in base 7?
6
-122 (base 4) to base 14
-1c
Convert 0 (base 3) to base 6.
0
-2 (base 11) to base 10
-2
Convert -1 (base 14) to base 5.
-1
Convert 13 (base 9) to base 16.
c
Convert 0 (base 7) to base 2.
0
What is 334 (base 7) in base 13?
103
Convert 34 (base 9) to base 4.
133
be (base 16) to base 13
118
-7 (base 9) to base 12
-7
-102 (base 3) to base 8
-13
What is 44 (base 10) in base 14?
32
What is 29 (base 16) in base 15?
2b
-1 (base 2) to base 5
-1
Convert 11 (base 11) to base 9.
13
5 (base 6) to base 5
10
Convert -10303 (base 4) to base 10.
-307
Convert 2a (base 12) to base 7.
46
What is 5 (base 8) in base 5?
10
Convert 3 (base 8) to base 3.
10
Convert -3 (base 14) to base 15.
-3
Convert 0 (base 8) to base 12.
0
-14 (base 15) to base 12
-17
Convert 3e (base 16) to base 15.
42
27 (base 16) to base 4
213
9b (base 15) to base 5
1041
26 (base 14) to base 5
114
What is -1101 (base 5) in base 3?
-12121
What is -4 (base 14) in base 4?
-10
Convert 10 (base 10) to base 8.
12
What is 1 (base 7) in base 6?
1
-1a4 (base 13) to base 3
-102020
What is 1000 (base 2) in base 6?
12
What is -10 (base 3) in base 12?
-3
What is 2 (base 15) in base 3?
2
Convert 12 (base 16) to base 10.
18
What is -8 (base 13) in base 12?
-8
What is 6 (base 14) in base 7?
6
-5d (base 16) to base 5
-333
What is -33 (base 8) in base 5?
-102
Convert 1 (base 14) to base 4.
1
Convert 1 (base 6) to base 10.
1
Convert -3 (base 8) to base 14.
-3
-2 (base 5) to base 9
-2
What is 1010 (base 2) in base 16?
a
-3 (base 15) to base 8
-3
-5 (base 6) to base 13
-5
Convert 21 (base 6) to base 15.
d
Convert 4 (base 15) to base 8.
4
What is 3 (base 7) in base 16?
3
What is -48 (base 12) in base 11?
-51
What is 0 (base 15) in base 5?
0
Convert -1 (base 2) to base 8.
-1
What is 3 (base 8) in base 7?
3
35 (base 7) to base 2
11010
What is -14 (base 6) in base 9?
-11
What is -6 (base 7) in base 12?
-6
112 (base 4) to base 10
22
-1 (base 13) to base 15
-1
Convert 101110 (base 2) to base 12.
3a
What is 10 (base 13) in base 12?
11
What is -14 (base 10) in base 3?
-112
Convert 111 (base 3) to base 6.
21
What is -2 (base 7) in base 5?
-2
What is -11 (base 5) in base 6?
-10
-140 (base 8) to base 13
-75
Convert -1c (base 14) to base 15.
-1b
Convert 5 (base 15) to base 12.
5
-212 (base 6) to base 2
-1010000
Convert 211 (base 4) to base 15.
27
5 (base 14) to base 12
5
15 (base 8) to base 11
12
What is 42 (base 14) in base 6?
134
Convert -3 (base 10) to base 8.
-3
What is -3 (base 13) in base 10?
-3
What is -89 (base 16) in base 9?
-162
Convert 3 (base 10) to base 9.
3
-133 (base 8) to base 2
-1011011
-10 (base 5) to base 12
-5
What is 19 (base 12) in base 6?
33
What is -2 (base 5) in base 3?
-2
-8c (base 16) to base 7
-260
-3 (base 12) to base 16
-3
1211 (base 3) to base 6
121
What is 1002 (base 3) in base 7?
41
45 (base 12) to base 2
110101
22 (base 13) to base 16
1c
What is 4 (base 8) in base 4?
10
Convert -3 (base 15) to base 6.
-3
What